{"id":61004,"date":"2020-09-18T17:55:55","date_gmt":"2020-09-18T17:55:55","guid":{"rendered":"https:\/\/shiawaves.com\/persian\/?page_id=61004"},"modified":"2024-06-06T16:04:55","modified_gmt":"2024-06-06T16:04:55","slug":"book","status":"publish","type":"page","link":"https:\/\/shiawaves.com\/turkish\/book\/","title":{"rendered":"\u015eia Haber Kitaplar\u0131"},"content":{"rendered":"\n<h2 class=\"wp-block-heading\">\u0622\u0631\u0634\u064a\u0648 \u0627\u062e\u0628\u0627\u0631 \u0634\u064a\u0639\u0647<\/h2>\n\n\n\n<hr class=\"wp-block-separator is-style-default\" \/>\n\n\n\n<h3 class=\"wp-block-heading\">\u0627\u062e\u0628\u0627\u0631 \u0645\u0631\u0628\u0648\u0637 \u0628\u0647 \u0639\u062a\u0628\u0627\u062a \u0648 \u0645\u0643\u0627\u0646 \u0647\u0627\u064a \u0645\u0642\u062f\u0633 \u0639\u0631\u0627\u0642 \u0648\u062f\u064a\u06af\u0631 \u0643\u0634\u0648\u0631\u0647\u0627<\/h3>\n\n\n\n<div class=\"wp-block-buttons is-layout-flex wp-block-buttons-is-layout-flex\">\n<div class=\"wp-block-button is-style-outline is-style-outline--1\"><a class=\"wp-block-button__link\" href=\"\/wp-content\/uploads\/2020\/07\/Shiawaves-Book-Holy-Sites-6yrs.pdf\" target=\"_blank\" rel=\"noreferrer noopener\">\u062f\u0627\u0646\u0644\u0648\u062f PDF<\/a><\/div>\n<\/div>\n\n\n\n<hr class=\"wp-block-separator is-style-dots\" \/>\n\n\n\n<h3 class=\"wp-block-heading\">\u0627\u062e\u0628\u0627\u0631 \u0645\u0631\u0628\u0648\u0637 \u0628\u0647 \u062f\u0641\u0627\u0639 \u0646\u064a\u0631\u0648\u0647\u0627\u0649 \u0645\u0631\u062f\u0645\u0649 (\u062d\u0634\u062f \u0634\u0639\u0628\u0649) \u0648\u0646\u064a\u0631\u0648\u0647\u0627\u064a \u0645\u0633\u0644\u062d \u0627\u0632 \u0639\u062a\u0628\u0627\u062a \u0648 \u0645\u0642\u062f\u0633\u0627\u062a \u0639\u0631\u0627\u0642<\/h3>\n\n\n\n<div class=\"wp-block-buttons is-layout-flex wp-block-buttons-is-layout-flex\">\n<div class=\"wp-block-button is-style-outline is-style-outline--2\"><a class=\"wp-block-button__link\" href=\"\/wp-content\/uploads\/2020\/07\/Shiawaves-Book-Security-Forces-and-Volunteers.pdf\" target=\"_blank\" rel=\"noreferrer noopener\">\u062f\u0627\u0646\u0644\u0648\u062f PDF<\/a><\/div>\n<\/div>\n\n\n\n<hr class=\"wp-block-separator is-style-dots\" \/>\n\n\n\n<h3 class=\"wp-block-heading\">\u0628\u062d\u0631\u0627\u0646 \u0633\u0648\u0631\u064a\u0647<\/h3>\n\n\n\n<div class=\"wp-block-buttons is-layout-flex wp-block-buttons-is-layout-flex\">\n<div class=\"wp-block-button is-style-outline is-style-outline--3\"><a class=\"wp-block-button__link\" href=\"\/wp-content\/uploads\/2020\/07\/Shiawaves-Book-Syrian-Crises.pdf\" target=\"_blank\" rel=\"noreferrer noopener\">\u062f\u0627\u0646\u0644\u0648\u062f PDF<\/a><\/div>\n<\/div>\n","protected":false},"excerpt":{"rendered":"<p>\u0622\u0631\u0634\u064a\u0648 \u0627\u062e\u0628\u0627\u0631 \u0634\u064a\u0639\u0647 \u0627\u062e\u0628\u0627\u0631 \u0645\u0631\u0628\u0648\u0637 \u0628\u0647 \u0639\u062a\u0628\u0627\u062a \u0648 \u0645\u0643\u0627\u0646 \u0647\u0627\u064a \u0645\u0642\u062f\u0633 \u0639\u0631\u0627\u0642 \u0648\u062f\u064a\u06af\u0631 \u0643\u0634\u0648\u0631\u0647\u0627 \u062f\u0627\u0646\u0644\u0648\u062f PDF \u0627\u062e\u0628\u0627\u0631 \u0645\u0631\u0628\u0648\u0637 \u0628\u0647 \u062f\u0641\u0627\u0639 \u0646\u064a\u0631\u0648\u0647\u0627\u0649 \u0645\u0631\u062f\u0645\u0649 (\u062d\u0634\u062f \u0634\u0639\u0628\u0649) \u0648\u0646\u064a\u0631\u0648\u0647\u0627\u064a \u0645\u0633\u0644\u062d \u0627\u0632 \u0639\u062a\u0628\u0627\u062a \u0648 \u0645\u0642\u062f\u0633\u0627\u062a \u0639\u0631\u0627\u0642 \u062f\u0627\u0646\u0644\u0648\u062f PDF \u0628\u062d\u0631\u0627\u0646 \u0633\u0648\u0631\u064a\u0647 \u062f\u0627\u0646\u0644\u0648\u062f PDF<\/p>\n","protected":false},"author":1,"featured_media":0,"parent":0,"menu_order":0,"comment_status":"closed","ping_status":"closed","template":"","meta":{"rop_custom_images_group":[],"rop_custom_messages_group":[],"rop_publish_now":"initial","rop_publish_now_accounts":[],"rop_publish_now_history":[],"rop_publish_now_status":"pending","footnotes":""},"class_list":["post-61004","page","type-page","status-publish","hentry"],"_wp_page_template":"default","_wp_attached_file":null,"_wp_attachment_metadata":null,"_edit_lock":"1717689895:1","yoast_head":"<!-- This site is optimized with the Yoast SEO plugin v24.3 - https:\/\/yoast.com\/wordpress\/plugins\/seo\/ -->\n<title>\u015eia Haber Kitaplar\u0131 - ShiaWaves Turkish - \u015eia Haberleri<\/title>\n<meta name=\"robots\" content=\"index, follow, max-snippet:-1, max-image-preview:large, max-video-preview:-1\" \/>\n<link rel=\"canonical\" href=\"https:\/\/shiawaves.com\/turkish\/book\/\" \/>\n<meta property=\"og:locale\" content=\"tr_TR\" \/>\n<meta property=\"og:type\" content=\"article\" \/>\n<meta property=\"og:title\" content=\"\u015eia Haber Kitaplar\u0131 - ShiaWaves Turkish - \u015eia Haberleri\" \/>\n<meta property=\"og:description\" content=\"\u0622\u0631\u0634\u064a\u0648 \u0627\u062e\u0628\u0627\u0631 \u0634\u064a\u0639\u0647 \u0627\u062e\u0628\u0627\u0631 \u0645\u0631\u0628\u0648\u0637 \u0628\u0647 \u0639\u062a\u0628\u0627\u062a \u0648 \u0645\u0643\u0627\u0646 \u0647\u0627\u064a \u0645\u0642\u062f\u0633 \u0639\u0631\u0627\u0642 \u0648\u062f\u064a\u06af\u0631 \u0643\u0634\u0648\u0631\u0647\u0627 \u062f\u0627\u0646\u0644\u0648\u062f PDF \u0627\u062e\u0628\u0627\u0631 \u0645\u0631\u0628\u0648\u0637 \u0628\u0647 \u062f\u0641\u0627\u0639 \u0646\u064a\u0631\u0648\u0647\u0627\u0649 \u0645\u0631\u062f\u0645\u0649 (\u062d\u0634\u062f \u0634\u0639\u0628\u0649) \u0648\u0646\u064a\u0631\u0648\u0647\u0627\u064a \u0645\u0633\u0644\u062d \u0627\u0632 \u0639\u062a\u0628\u0627\u062a \u0648 \u0645\u0642\u062f\u0633\u0627\u062a \u0639\u0631\u0627\u0642 \u062f\u0627\u0646\u0644\u0648\u062f PDF \u0628\u062d\u0631\u0627\u0646 \u0633\u0648\u0631\u064a\u0647 \u062f\u0627\u0646\u0644\u0648\u062f PDF\" \/>\n<meta property=\"og:url\" content=\"https:\/\/shiawaves.com\/turkish\/book\/\" \/>\n<meta property=\"og:site_name\" content=\"ShiaWaves Turkish - \u015eia Haberleri\" \/>\n<meta property=\"article:modified_time\" content=\"2024-06-06T16:04:55+00:00\" \/>\n<meta name=\"twitter:card\" content=\"summary_large_image\" \/>\n<script type=\"application\/ld+json\" class=\"yoast-schema-graph\">{\"@context\":\"https:\/\/schema.org\",\"@graph\":[{\"@type\":\"WebPage\",\"@id\":\"https:\/\/shiawaves.com\/turkish\/book\/\",\"url\":\"https:\/\/shiawaves.com\/turkish\/book\/\",\"name\":\"\u015eia Haber Kitaplar\u0131 - ShiaWaves Turkish - \u015eia Haberleri\",\"isPartOf\":{\"@id\":\"https:\/\/shiawaves.com\/turkish\/#website\"},\"datePublished\":\"2020-09-18T17:55:55+00:00\",\"dateModified\":\"2024-06-06T16:04:55+00:00\",\"breadcrumb\":{\"@id\":\"https:\/\/shiawaves.com\/turkish\/book\/#breadcrumb\"},\"inLanguage\":\"tr\",\"potentialAction\":[{\"@type\":\"ReadAction\",\"target\":[\"https:\/\/shiawaves.com\/turkish\/book\/\"]}]},{\"@type\":\"BreadcrumbList\",\"@id\":\"https:\/\/shiawaves.com\/turkish\/book\/#breadcrumb\",\"itemListElement\":[{\"@type\":\"ListItem\",\"position\":1,\"name\":\"Home\",\"item\":\"https:\/\/shiawaves.com\/turkish\/\"},{\"@type\":\"ListItem\",\"position\":2,\"name\":\"\u015eia Haber Kitaplar\u0131\"}]},{\"@type\":\"WebSite\",\"@id\":\"https:\/\/shiawaves.com\/turkish\/#website\",\"url\":\"https:\/\/shiawaves.com\/turkish\/\",\"name\":\"ShiaWaves Turkish - \u015eia Haberleri\",\"description\":\"\",\"potentialAction\":[{\"@type\":\"SearchAction\",\"target\":{\"@type\":\"EntryPoint\",\"urlTemplate\":\"https:\/\/shiawaves.com\/turkish\/?s={search_term_string}\"},\"query-input\":{\"@type\":\"PropertyValueSpecification\",\"valueRequired\":true,\"valueName\":\"search_term_string\"}}],\"inLanguage\":\"tr\"}]}<\/script>\n<!-- \/ Yoast SEO plugin. -->","yoast_head_json":{"title":"\u015eia Haber Kitaplar\u0131 - ShiaWaves Turkish - \u015eia Haberleri","robots":{"index":"index","follow":"follow","max-snippet":"max-snippet:-1","max-image-preview":"max-image-preview:large","max-video-preview":"max-video-preview:-1"},"canonical":"https:\/\/shiawaves.com\/turkish\/book\/","og_locale":"tr_TR","og_type":"article","og_title":"\u015eia Haber Kitaplar\u0131 - ShiaWaves Turkish - \u015eia Haberleri","og_description":"\u0622\u0631\u0634\u064a\u0648 \u0627\u062e\u0628\u0627\u0631 \u0634\u064a\u0639\u0647 \u0627\u062e\u0628\u0627\u0631 \u0645\u0631\u0628\u0648\u0637 \u0628\u0647 \u0639\u062a\u0628\u0627\u062a \u0648 \u0645\u0643\u0627\u0646 \u0647\u0627\u064a \u0645\u0642\u062f\u0633 \u0639\u0631\u0627\u0642 \u0648\u062f\u064a\u06af\u0631 \u0643\u0634\u0648\u0631\u0647\u0627 \u062f\u0627\u0646\u0644\u0648\u062f PDF \u0627\u062e\u0628\u0627\u0631 \u0645\u0631\u0628\u0648\u0637 \u0628\u0647 \u062f\u0641\u0627\u0639 \u0646\u064a\u0631\u0648\u0647\u0627\u0649 \u0645\u0631\u062f\u0645\u0649 (\u062d\u0634\u062f \u0634\u0639\u0628\u0649) \u0648\u0646\u064a\u0631\u0648\u0647\u0627\u064a \u0645\u0633\u0644\u062d \u0627\u0632 \u0639\u062a\u0628\u0627\u062a \u0648 \u0645\u0642\u062f\u0633\u0627\u062a \u0639\u0631\u0627\u0642 \u062f\u0627\u0646\u0644\u0648\u062f PDF \u0628\u062d\u0631\u0627\u0646 \u0633\u0648\u0631\u064a\u0647 \u062f\u0627\u0646\u0644\u0648\u062f PDF","og_url":"https:\/\/shiawaves.com\/turkish\/book\/","og_site_name":"ShiaWaves Turkish - \u015eia Haberleri","article_modified_time":"2024-06-06T16:04:55+00:00","twitter_card":"summary_large_image","schema":{"@context":"https:\/\/schema.org","@graph":[{"@type":"WebPage","@id":"https:\/\/shiawaves.com\/turkish\/book\/","url":"https:\/\/shiawaves.com\/turkish\/book\/","name":"\u015eia Haber Kitaplar\u0131 - ShiaWaves Turkish - \u015eia Haberleri","isPartOf":{"@id":"https:\/\/shiawaves.com\/turkish\/#website"},"datePublished":"2020-09-18T17:55:55+00:00","dateModified":"2024-06-06T16:04:55+00:00","breadcrumb":{"@id":"https:\/\/shiawaves.com\/turkish\/book\/#breadcrumb"},"inLanguage":"tr","potentialAction":[{"@type":"ReadAction","target":["https:\/\/shiawaves.com\/turkish\/book\/"]}]},{"@type":"BreadcrumbList","@id":"https:\/\/shiawaves.com\/turkish\/book\/#breadcrumb","itemListElement":[{"@type":"ListItem","position":1,"name":"Home","item":"https:\/\/shiawaves.com\/turkish\/"},{"@type":"ListItem","position":2,"name":"\u015eia Haber Kitaplar\u0131"}]},{"@type":"WebSite","@id":"https:\/\/shiawaves.com\/turkish\/#website","url":"https:\/\/shiawaves.com\/turkish\/","name":"ShiaWaves Turkish - \u015eia Haberleri","description":"","potentialAction":[{"@type":"SearchAction","target":{"@type":"EntryPoint","urlTemplate":"https:\/\/shiawaves.com\/turkish\/?s={search_term_string}"},"query-input":{"@type":"PropertyValueSpecification","valueRequired":true,"valueName":"search_term_string"}}],"inLanguage":"tr"}]}},"_links":{"self":[{"href":"https:\/\/shiawaves.com\/turkish\/wp-json\/wp\/v2\/pages\/61004","targetHints":{"allow":["GET"]}}],"collection":[{"href":"https:\/\/shiawaves.com\/turkish\/wp-json\/wp\/v2\/pages"}],"about":[{"href":"https:\/\/shiawaves.com\/turkish\/wp-json\/wp\/v2\/types\/page"}],"author":[{"embeddable":true,"href":"https:\/\/shiawaves.com\/turkish\/wp-json\/wp\/v2\/users\/1"}],"replies":[{"embeddable":true,"href":"https:\/\/shiawaves.com\/turkish\/wp-json\/wp\/v2\/comments?post=61004"}],"version-history":[{"count":1,"href":"https:\/\/shiawaves.com\/turkish\/wp-json\/wp\/v2\/pages\/61004\/revisions"}],"predecessor-version":[{"id":61657,"href":"https:\/\/shiawaves.com\/turkish\/wp-json\/wp\/v2\/pages\/61004\/revisions\/61657"}],"wp:attachment":[{"href":"https:\/\/shiawaves.com\/turkish\/wp-json\/wp\/v2\/media?parent=61004"}],"curies":[{"name":"wp","href":"https:\/\/api.w.org\/{rel}","templated":true}]}}